1 - -103577?
86216
In base 13, what is -14c8b2 + 18?
-14c897
In base 5, what is 1133 - 14143002?
-14141314
In base 4, what is 21 + 1223230231?
1223230312
In base 14, what is 4819 - 292?
4567
In base 12, what is 349a4 - -106b?
35a53
In base 9, what is -2 - 23155706?
-23155708
In base 3, what is -10111111120220 - 2?
-10111111120222
In base 15, what is -58a85 + -1e?
-58aa4
In base 5, what is 1 + 3431013424?
3431013430
In base 16, what is -d4f - a397?
-b0e6
In base 11, what is 1558 + 161994?
163441
In base 2, what is -11100000101000100000001 + 101?
-11100000101000011111100
In base 6, what is 0 - 224142113?
-224142113
In base 6, what is 130 - 15432?
-15302
In base 16, what is bd784 - 1?
bd783
In base 5, what is -33342 + 44432404?
44344012
In base 3, what is -1011 - -10111221212?
10111220201
In base 5, what is -3103312 + 2410?
-3100402
In base 8, what is 31400140 + 5?
31400145
In base 11, what is -92aa - 9976?
-18175
In base 9, what is -2266287 + 6?
-2266281
In base 15, what is 12a4 - 2d8?
ebb
In base 16, what is 1a34fa38 - 2?
1a34fa36
In base 9, what is 1151150 + 14?
1151164
In base 4, what is -1 - 32313012113?
-32313012120
In base 15, what is 5 - -3c0233d?
3c02343
In base 12, what is -11586 - -195?
-113b1
In base 5, what is 1200 + -2021124?
-2014424
In base 16, what is -1b6 - a40cf?
-a4285
In base 5, what is -40014443 + -1?
-40014444
In base 7, what is -11 - 15550541?
-15550552
In base 11, what is 2 - -422607?
422609
In base 2, what is -1111110 - 10011011001110001001000?
-10011011001110011000110
In base 12, what is -16664a + -5?
-166653
In base 2, what is -100100110 - 11001110010110111?
-11001110111011101
In base 16, what is -1226e90 + -4?
-1226e94
In base 11, what is 2 - -3063035?
3063037
In base 12, what is -68 - aba6a6?
-aba752
In base 9, what is -106436 + 1643?
-104683
In base 8, what is 13303075 - 6?
13303067
In base 11, what is 16901260 - -2?
16901262
In base 9, what is 7 - 4342483?
-4342475
In base 2, what is 1101000111010011111110 + -10001?
1101000111010011101101
In base 13, what is -41c4 - -144b?
-2a76
In base 2, what is -10010100 - 111101011111110?
-111101110010010
In base 5, what is 2 - 1103330031?
-1103330024
In base 15, what is 240bcb + -e?
240bbc
In base 3, what is -1122211221 + 1002220?
-1121202001
In base 16, what is ae31c - -8?
ae324
In base 3, what is 12 + 20000021222002?
20000021222021
In base 3, what is 10221102210112 + 200?
10221102211012
In base 12, what is -6055839 - -25?
-6055814
In base 11, what is a687300 + -2?
a6872a9
In base 5, what is -232442011 + -43?
-232442104
In base 16, what is -11e9875 + 1a?
-11e985b
In base 15, what is -24 + 79bc?
7998
In base 16, what is 5 + -19af31d?
-19af318
In base 10, what is -309574 - -604?
-308970
In base 12, what is -b96 + -b631b?
-b72b5
In base 16, what is b3ac - 6f3?
acb9
In base 3, what is 110011001 - -1121022?
111202100
In base 5, what is -11 + 110044430?
110044414
In base 3, what is 0 + -2210022101210202?
-2210022101210202
In base 9, what is 11 - 180014?
-180003
In base 4, what is -22101031102 - 13?
-22101031121
In base 13, what is 30 - 4730?
-4700
In base 14, what is 574041 + -3?
57403c
In base 2, what is -101100101110011 + 111011010?
-101011110011001
In base 16, what is -1e + 35a4a9?
35a48b
In base 14, what is 3 - -747c87?
747c8a
In base 7, what is -24513 + -1056452?
-1114265
In base 7, what is -104136156 + -53?
-104136242
In base 9, what is -23456302 + -4?
-23456306
In base 9, what is 507067 + 236?
507314
In base 12, what is -2424bb + -12?
-242511
In base 7, what is -2121124 + -564?
-2122021
In base 11, what is 3 + -9285a00?
-92859a8
In base 4, what is 123303212 + 1233?
123311111
In base 9, what is 317 - 3752010?
-3751582
In base 5, what is -134301421343 + 0?
-134301421343
In base 2, what is -11000010110 - -101111111010101?
101100110111111
In base 6, what is -10104 - 424252?
-434400
In base 5, what is 301131231 + -4?
301131222
In base 7, what is 12064 + 61414?
103511
In base 7, what is 14 - -32245263?
32245310
In base 5, what is 3 - -432431300?
432431303
In base 3, what is 11000010 + 121121?
11121201
In base 15, what is -3 + -1c7127b?
-1c7127e
In base 12, what is 9703271 + 4?
9703275
In base 14, what is -6d3 + -3347?
-3a3a
In base 9, what is 2 + 3124614?
3124616
In base 5, what is 1312 - -1124032222?
1124034034
In base 14, what is 5 + 612d4d2?
612d4d7
In base 3, what is 1 - 102011002102211?
-102011002102210
In base 10, what is -19393553 + 3?
-19393550
In base 13, what is -1192aba22 + -2?
-1192aba24
In base 11, what is 556 + 2480?
2a26
In base 5, what is -213322134001 + 4?
-213322133442
In base 15, what is -d81 - -3802?
2971
In base 8, what is -7453265 - -7?
-7453256
In base 13, what is -124055 + -384?
-124409
In base 16, what is -1 + f5e10a?
f5e109
In base 3, what is -1120011 - 12202211?
-21022222
In base 12, what is 40042 + 65?
400a7
In base 10, what is -590584 + 203?
-590381
In base 16, what is c9b - 106?
b95
In base 14, what is -29 + -1642b62?
-1642b8b
In base 16, what is -113b0353 + 0?
-113b0353
In base 12, what is -3 + -2b357?
-2b35a
In base 4, what is -112 + 2133103?
2132331
In base 12, what is 4b517 - -336?
4b851
In base 9, what is 61110126 - -4?
61110131
In base 3, what is 1120021101002 + -220221?
1120020110011
In base 15, what is 801 + -26063?
-25762
In base 13, what is -8ab47b + 51?
-8ab42a
In base 14, what is 25c + -23ba?
-215c
In base 16, what is 14671cb9 - 0?
14671cb9
In base 4, what is 203033120113 - -323?
203033121102
In base 2, what is 1110011010100 + -1001110010010?
100101000010
In base 14, what is -63234b + 1?
-63234a
In base 16, what is 4f878 - b0?
4f7c8
In base 11, what is -99a90 + -1aa?
-9a18a
In base 7, what is 2 - 4065311?
-4065306
In base 8, what is 6365613 - 25?
6365566
In base 11, what is 2 + 3191222?
3191224
In base 5, what is -422123303300 - 1?
-422123303301
In base 12, what is 7 - -22b283?
22b28a
In base 15, what is 3e548a9 - 4?
3e548a5
In base 12, what is a853 + 13ba3?
22836
In base 9, what is 384318 + 102?
384421
In base 10, what is -1 + -1900816?
-1900817
In base 6, what is -225 + 12022100?
12021431
In base 10, what is 54939423 + -1?
54939422
In base 13, what is 11b3 + 1627?
280a
In base 14, what is -1476a + 268?
-14502
In base 4, what is 2 + 1030212133103?
1030212133111
In base 14, what is 38a0a3 - -22?
38a0c5
In base 11, what is 37133 + -271?
36972
In base 2, what is -1000000111110010 - 101010110?
-1000001101001000
In base 12, what is 44b36 + -3105?
41a31
In base 4, what is -12210301200 - -3?
-12210301131
In base 3, what is -202 - 112022020201?
-112022021110
In base 12, what is 7a60 + 732?
8592
In base 13, what is -2 - -8b0a50?
8b0a4b
In base 2, what is 101110000101100000 - -11?
101110000101100011
In base 12, what is -11 - -973033?
973022
In base 12, what is 558b47 + 0?
558b47
In base 14, what is -88 - 68?
-112
In base 2, what is -10 - -10010110110011101010011?
10010110110011101010001
In base 13, what is -1aca3429 - -2?
-1aca3427
In base 9, what is -1 + 5224284?
5224283
In base 10, what is -12273555 - 2?
-12273557
In base 9, what is 135 + 1025281?
1025426
In base 6, what is -244 + -15545330?
-15550014
In base 4, what is -321 - -1130010032?
1130003111
In base 12, what is 1396b - -1108?
14a77
In base 13, what is -5 + -97c5a4?
-97c5a9
In base 15, what is -a9 + -2adc6?
-2ae80
In base 3, what is -120220121220022 + 1121?
-120220121211201
In base 5, what is -213222021 + -20?
-213222041
In base 7, what is 14061302 + 30?
14061332
In base 13, what is 4bb09 - 37?
4baa2
In base 9, what is -37867681 + -4?
-37867685
In base 15, what is b4 - 7058a7?
-7057e3
In base 10, what is 138633057 - -4?
138633061
In base 3, what is 1200 - -2120022001100?
2120022010000
In base 15, what is -44 - e9da86?
-e9daca
In base 4, what is -3 - 12200020002?
-12200020011
In base 16, what is -33 + 617b?
6148
In base 4, what is -10 - -1222101210032?
1222101210022
In base 5, what is 4002214410 - -132?
4002220042
In base 11, what is -35 - 101730?
-101765
In base 9, what is -76216 + 7775?
-67331
In base 10, what is 184 + -90799?
-90615
In base 13, what is -30 - 3382?
-33b2
In base 13, what is -5 - -1046ac86?
1046ac81
In base 9, what is -7523 - -660?
-6753
In base 2, what is -101000011101011010 - -1010100111011?
-100111001000011111
In base 15, what is 2 + -8d1c28e?
-8d1c28c
In base 9, 